What is the hundreds digit of 7732?
7
What is the units digit of 10569?
9
What is the tens digit of 19515?
1
What is the hundreds digit of 4077?
0
What is the hundreds digit of 17449?
4
What is the tens digit of 715?
1
What is the tens digit of 3670?
7
What is the thousands digit of 23150?
3
What is the thousands digit of 28847?
8
What is the units digit of 76?
6
What is the thousands digit of 114028?
4
What is the units digit of 48361?
1
What is the thousands digit of 3002?
3
What is the thousands digit of 3039?
3
What is the tens digit of 2646?
4
What is the units digit of 29609?
9
What is the tens digit of 721?
2
What is the tens digit of 9776?
7
What is the hundreds digit of 20152?
1
What is the thousands digit of 26196?
6
What is the tens digit of 276?
7
What is the units digit of 9134?
4
What is the units digit of 6077?
7
What is the tens digit of 44203?
0
What is the hundreds digit of 25895?
8
What is the hundreds digit of 372?
3
What is the thousands digit of 5447?
5
What is the thousands digit of 1366?
1
What is the tens digit of 68135?
3
What is the ten thousands digit of 27271?
2
What is the tens digit of 29799?
9
What is the units digit of 274?
4
What is the units digit of 632?
2
What is the tens digit of 82?
8
What is the tens digit of 48266?
6
What is the thousands digit of 39175?
9
What is the ten thousands digit of 36691?
3
What is the units digit of 2618?
8
What is the units digit of 493?
3
What is the ten thousands digit of 19350?
1
What is the hundreds digit of 1315?
3
What is the units digit of 5789?
9
What is the tens digit of 7920?
2
What is the thousands digit of 2155?
2
What is the units digit of 379?
9
What is the units digit of 42053?
3
What is the hundreds digit of 2361?
3
What is the tens digit of 2331?
3
What is the units digit of 2390?
0
What is the tens digit of 1932?
3
What is the tens digit of 7400?
0
What is the tens digit of 14636?
3
What is the units digit of 1233?
3
What is the hundreds digit of 57112?
1
What is the units digit of 28880?
0
What is the units digit of 5302?
2
What is the thousands digit of 12275?
2
What is the thousands digit of 24134?
4
What is the units digit of 135?
5
What is the units digit of 855?
5
What is the units digit of 24792?
2
What is the hundreds digit of 249?
2
What is the ten thousands digit of 11550?
1
What is the thousands digit of 8629?
8
What is the ten thousands digit of 12182?
1
What is the units digit of 3861?
1
What is the tens digit of 873?
7
What is the thousands digit of 9098?
9
What is the tens digit of 15?
1
What is the tens digit of 14307?
0
What is the thousands digit of 2474?
2
What is the ten thousands digit of 68082?
6
What is the tens digit of 697?
9
What is the hundreds digit of 21044?
0
What is the ten thousands digit of 61171?
6
What is the units digit of 288?
8
What is the hundreds digit of 2268?
2
What is the tens digit of 69475?
7
What is the units digit of 655?
5
What is the tens digit of 1120?
2
What is the thousands digit of 8804?
8
What is the hundreds digit of 1718?
7
What is the units digit of 1174?
4
What is the thousands digit of 52583?
2
What is the units digit of 589?
9
What is the tens digit of 17620?
2
What is the units digit of 3508?
8
What is the thousands digit of 28385?
8
What is the tens digit of 802?
0
What is the units digit of 6503?
3
What is the hundreds digit of 19404?
4
What is the tens digit of 16115?
1
What is the ten thousands digit of 25485?
2
What is the tens digit of 16565?
6
What is the thousands digit of 15223?
5
What is the tens digit of 94559?
5
What is the hundreds digit of 803?
8
What is the thousands digit of 2060?
2
What is the tens digit of 1335?
3
What is the thousands digit of 22215?
2
What is the units digit of 3306?
6
What is the tens digit of 1396?
9
What is the thousands digit of 3462?
3
What is the thousands digit of 21308?
1
What is the units digit of 3080?
0
What is the thousands digit of 1229?
1
What is the units digit of 55558?
8
What is the tens digit of 1228?
2
What is the ten thousands digit of 19712?
1
What is the tens digit of 585?
8
What is the thousands digit of 20536?
0
What is the tens digit of 667?
6
What is the thousands digit of 11559?
1
What is the ten thousands digit of 26866?
2
What is the units digit of 5875?
5
What is the units digit of 6488?
8
What is the thousands digit of 2059?
2
What is the units digit of 3758?
8
What is the tens digit of 1520?
2
What is the hundreds digit of 98382?
3
What is the units digit of 13022?
2
What is the units digit of 22867?
7
What is the hundreds digit of 61013?
0
What is the thousands digit of 18660?
8
What is the units digit of 5131?
1
What is the hundreds digit of 101968?
9
What is the ten thousands digit of 14344?
1
What is the tens digit of 12751?
5
What is the thousands digit of 1639?
1
What is the thousands digit of 2856?
2
What is the tens digit of 1284?
8
What is the thousands digit of 42384?
2
What is the units digit of 13423?
3
What is the tens digit of 6095?
9
What is the hundreds digit of 34591?
5
What is the units digit of 1318?
8
What is the thousands digit of 7897?
7
What is the hundreds digit of 4148?
1
What is the tens digit of 1061?
6
What is the units digit of 179?
9
What is the ten thousands digit of 54136?
5
What is the thousands digit of 9524?
9
What is the tens digit of 81?
8
What is the hundred thousands digit of 183301?
1
What is the tens digit of 317?
1
What is the tens digit of 341?
4
What is the hundreds digit of 6986?
9
What is the hundreds digit of 8408?
4
What is the hundreds digit of 452?
4
What is the units digit of 9936?
6
What is the units digit of 4335?
5
What is the hundreds digit of 39769?
7
What is the tens digit of 1373?
7
What is the thousands digit of 21478?
1
What is the hundreds digit of 321?
3
What is the thousands digit of 2783?
2
What is the hundreds digit of 1234?
2
What is the units digit of 32976?
6
What is the units digit of 1954?
4
What is the tens digit of 132?
3
What is the tens digit of 22102?
0
What is the hundreds digit of 8900?
9
What is the tens digit of 2644?
4
What is the ten thousands digit of 11774?
1
What is the tens digit of 108?
0
What is the tens digit of 13136?
3
What is the units digit of 1469?
9
What is the tens digit of 34208?
0
What is the units digit of 709?
9
What is the units digit of 1344?
4
What is the tens digit of 24673?
7
What is the thousands digit of 10079?
0
What is the units digit of 1507?
7
What is the tens digit of 1134?
3
What is the tens digit of 15437?
3
What is the tens digit of 1768?
6
What is the units digit of 3940?
0
What is the units digit of 46013?
3
What is the units digit of 835?
5
What is the hundreds digit of 38039?
0
What is the hundreds digit of 21379?
3
What is the hundreds digit of 11694?
6
What is the tens digit of 493?
9
What is the units digit of 86474?
4
What is the units digit of 1829?
9
What is the tens digit of 14837?
3
What is the tens digit of 26865?
6
What is the tens digit of 2108?
0
What is the thousands digit of 56448?
6
What is the ten thousands digit of 25070?
2
What is the ten thousands digit of 57558?
5
What is the hundreds digit of 1592?
5
What is the units digit of 7407?
7
What is the units digit of 1399?
9
What is the tens digit of 2497?
9
What is the thousands digit of 3496?
3
What is the tens digit of 436?
3
What is the units digit of 52206?
6
What is the ten thousands digit of 14733?
1
What is the units digit of 5614?
4
What is the tens digit of 3822?
2
What is the thousands digit of 25127?
5
What is the hundreds digit of 19511?
5
What is the ten thousands digit of 21797?
2
What is the units digit of 59493?
3
What is the tens digit of 1964?
6
What is the units digit of 38903?
3
What is the hundreds digit of 2321?
3
What is the hundreds digit of 477?
4
What is the units digit of 1280?
0
What is the thousands digit of 6837?
6
What is the hundreds digit of 3856?
8
What is the hundreds digit of 49569?
5
What is the tens digit of 3761?
6
What is the tens digit of 8571?
7
What is the tens digit of 836?
3
What is the units digit of 57750?
0
What is the tens digit of 463?
6
What is the tens digit of 3245?
4
What is the units digit of 14782?
2
What is the thousands digit of 74018?
4
What is the units digit of 652?
2
What is the hund